(w) + 4*m(w). Suppose 5*x + 2*j - 33 = 0, 5*j = 14 + 6. What is c(x)?
11
Let v = 40 + -36. Let a(j) = v*j - 5 - 6*j + 6. Determine a(-1).
3
Let r be (-170)/(-40) + 1/(-4). Let t be (2/7)/(r/28). Let d(x) = -2*x**t - x + 2*x**2 + 2 - x**2. Determine d(-2).
0
Let l(p) = 2*p**2 - 3. Let b be l(-3). Suppose 0 = -21*h + 24*h - b. Let x(u) = 2*u - 4. Calculate x(h).
6
Let i = 8 + -5. Let w(q) be the first derivative of -q**5/40 + q**4/6 - q**3 + 4. Let j(o) be the third derivative of w(o). What is j(i)?
-5
Let x(p) = -p**3 + 5*p**2 - 5*p - 2. Let z(c) = 2*c**3 - 3*c**2 - c + 2. Let j = 0 - -5. Suppose -4*m + j*m = 2. Let r be z(m). Give x(r).
-6
Let g be -3*1*(-23 - -21). Let n(s) = -12*s - 2. Calculate n(g).
-74
Let y(c) = -39*c**2 + 4 - 2*c + 19*c**2 + 0*c - 1 + 22*c**2. Determine y(2).
7
Let m(d) = d**3 + d + 1. Suppose -j + 2*j = -30. Let g = -29 - j. Let f(s) = -8*s**3 - 2*s**2 + s + 2. Let o(z) = g*f(z) - 2*m(z). What is o(-1)?
9
Let z = 14 + -10. Suppose z*o = 3*o + 3. Let s(a) = -4*a**2 + a. Let m(p) = p**2. Let u(j) = 3*m(j) + s(j). Give u(o).
-6
Let s be 2 - (0/(-3))/1. Let w(x) = -7 + x - 2 - 3*x + 12 + 2*x**2. Calculate w(s).
7
Let v(n) be the third derivative of n**6/120 + 7*n**5/60 + n**4/4 + 2*n**3/3 - 5*n**2. Let z(o) = -5*o**2 - o. Let t be z(1). Calculate v(t).
4
Let h(s) = -s**2 + 3*s - 2. Let z = -189 - -190. Give h(z).
0
Suppose 0 = -5*s + s - 4*x - 52, 3*x - 17 = s. Let p(g) = g**2 + 15*g + 4. Calculate p(s).
-10
Let b(o) = 3*o**2 - 7*o**3 + 4*o**2 - 5*o**2 + 1 + 8*o**3 - 2*o. Give b(2).
13
Let y(o) = o - 6. Let n(g) = -26*g - 454. Let l be n(-17). Determine y(l).
-18
Suppose -4*q - 4 = 0, -4*i = 2*q - q - 19. Suppose -4*u - 5*h + 8 = -11, 2*h = -i*u + 11. Let z(g) = -g - 1. Calculate z(u).
-2
Let x(s) be the first derivative of s**5/60 - 5*s**4/24 + 2*s**3/3 - s**2/2 + 10. Let v(g) be the second derivative of x(g). Give v(4).
0
Let l(b) = 3*b**2 - 15*b - 1. Suppose -2*o + 7*o = q + 20, 3*o + q - 20 = 0. What is l(o)?
-1
Let s(i) = -13*i + 2. Let w be -1*(-5)/20 + (-54)/(-72). What is s(w)?
-11
Let c(m) = m**2 + 7*m + 1. Let o = -6 - -10. Suppose -8 = 3*s - 8*s + o*n, -4*s - 2 = n. Suppose 2*j + 12 = -s*j. Give c(j).
-5
Let g(b) = b**3 - 5*b**2 + 4*b. Let s be g(4). Let q = s - 0. Let f(m) be the third derivative of m**5/60 - 5*m**3/6 + 3*m**2 - 36. Calculate f(q).
-5
Let u(d) be the third derivative of d**6/120 + d**5/60 + d**4/24 - 2*d**3/3 - d**2. Suppose -4*c = -5*c - 2*x - 10, -3*c - 5 = x. Calculate u(c).
-4
Let a(s) = s**2 - 13*s + 21. Suppose 3*v + 60 = 9. Let d = -6 - v. Let h be a(d). Let c(k) = 7*k - 1. Calculate c(h).
-8
Suppose -7 + 13 = -3*q. Let v(i) = i**2 - 2*i - 2. Give v(q).
6
Let c(x) = x**2 + x - 2. Suppose -3*v - 6 + 0 = 0. Let i be c(v). Let h(f) = f**2 - f + 10. Give h(i).
10
Let s(g) be the second derivative of -g**5/60 - 7*g**4/24 + 7*g**2/2 - 6*g. Let m(l) be the first derivative of s(l). What is m(-7)?
0
Let n(j) = j**3 + 7*j**2 + 1. Suppose 0 = -2*o - 0*o - 8, 68 = 2*l - 5*o. Let a be -4 - (l/(-2))/(-4). What is n(a)?
1
Let t(a) = a**3 + 4*a**2 + 4*a - 1. Suppose -l + 0 - 4 = 0. Let u be l/(-16) - (-78)/8. Suppose 5*x + u = 5*g, -10 = 3*g + 5*x + 24. What is t(g)?
-4
Let f be ((-12)/30)/(4/(-20)). Let h(n) = -3*n - 3*n + 3 + 10*n + f*n**2. Let d(o) = -o**2 + 6*o - 2. Let x be d(6). Calculate h(x).
3
Let x(f) = 11*f**2 - 10*f + 29. Let m(h) = -5*h**2 + 3*h - 14. Let k(d) = 7*m(d) + 3*x(d). Calculate k(-5).
-16
Let d be (((-8)/(-3))/4)/((-2)/(-9)). Let y(g) = -6 - 4*g + 3 + 3. Let p(b) = 8*b - 1. Let t(a) = 3*p(a) + 5*y(a). Calculate t(d).
9
Let b(a) = -a**3 + a + 8. Let s be (65/5 + 1)*(-2)/(-7). Suppose -5*j - 2*r - s = 0, -5*j - 4*r + 0*r - 8 = 0. Give b(j).
8
Let f be (24/(-10))/(12/(-30)). Let j(m) = -m**3 + 7*m**2 - 4*m + 8. Calculate j(f).
20
Let j(g) be the first derivative of -1/60*g**5 + 0*g**2 + 0*g + 5/3*g**3 + 13 - 1/24*g**4. Let y(d) be the third derivative of j(d). What is y(6)?
-13
Let p(x) = 19*x**2 - 33*x + 33. Let g(y) = -12*y**2 + 22*y - 22. Let t(k) = 8*g(k) + 5*p(k). Calculate t(9).
7
Let o(k) = -k + 1. Let r(v) = -v**2 + 5*v - 9. Let t(d) = -4*o(d) - r(d). Let f = 3 + -3. Determine t(f).
5
Let i(y) = 9*y**3 - 19*y**2 + 8*y - 40. Let w(d) = -7*d**3 + 19*d**2 - 6*d + 39. Let f(o) = 4*i(o) + 5*w(o). Determine f(-19).
-3
Let t(g) = -1 - 3 - 4*g + 5 - 2. Let c = -37 - -23. Let f(v) = -v - 13. Let r be f(c). Determine t(r).
-5
Suppose -46 = d + 2*o, 3*d - 3*o + 6*o = -123. Let a be (-80)/d - 2/9. Let r(y) = 3*y + a + 2*y + y - 5*y. What is r(5)?
7
Let f(y) = -9*y + 9. Let v(p) = 6*p - 7. Let h(d) = 5*f(d) + 7*v(d). Give h(-3).
5
Let m(s) = 3 - 4*s - 6 + 4*s + 6 + 3*s. Calculate m(-2).
-3
Let f(q) be the third derivative of q**6/120 + q**5/12 + q**4/24 - q**3/2 - 22*q**2 + 1. What is f(-3)?
12
Let c(y) be the second derivative of -7*y**4/24 + y**3/6 - 3*y**2/2 + 4*y. Let t(b) be the first derivative of c(b). Let m = -16 - -15. What is t(m)?
8
Suppose -2*h = 8, -3*f + 3*h + 9 = -3. Suppose 3*b - 3*q = -2*q - 4, f = 4*b + 5*q - 20. Let g(o) = -o**2 - o + 8. Determine g(b).
8
Let m(o) = 8*o**2 - 235*o**3 - 230*o**3 + 466*o**3 + 2*o - 7 + 4*o. Calculate m(-6).
29
Let d = -266 + 378. Let k = d - 116. Let t(a) = a + 0*a + a. Calculate t(k).
-8
Let u(h) be the second derivative of h**8/420 + h**7/1260 - h**5/120 + 23*h**4/12 + h. Let v(j) be the third derivative of u(j). Determine v(-1).
-15
Let i(a) = 1 - 2 + a**3 + 0 - 2 - 3*a**2 - 3*a. Let l be i(3). Let f = l - -8. Let b(d) = -d**3 - 5*d**2 - 5*d + 3. What is b(f)?
7
Suppose 4*h - 2 = 2*c + 5*h, -8 = 2*c + 4*h. Let y(i) = 11*i**2 + 41*i - 3 - 10*i**2 - i**3 - 42*i. Give y(c).
-3
Let t be (-2)/(-14 - -4) - (-48)/10. Let c(y) = t - 1 + 123*y - 3 - 126*y. Calculate c(3).
-8
Suppose 5*i - 9 + 4 = 5*b, -8 = 3*b - 4*i. Let t(c) = -14*c - 6 + b - 9*c + 26*c. Give t(4).
10
Let k(l) be the third derivative of -l**5/60 - 7*l**4/24 + 5*l**3/6 + 195*l**2. Calculate k(-4).
17
Let c(d) be the first derivative of d**2 - 3*d + 39. Let o be (2/(-3))/((-1)/6). Suppose o*r - 3*b = 13, 0 = -4*r - 3*b - 0 + 19. Determine c(r).
5
Suppose -3*y = 47 - 11. Let d(j) be the third derivative of j**4/24 + 17*j**3/6 - 26*j**2. Give d(y).
5
Let s = -22 + 22. Suppose -4*g - 7 = n - 54, -3*g + 4*n + 40 = s. Let b(o) = -g + 25 - 15 + o. Calculate b(5).
3
Let w(g) be the third derivative of -g**6/120 - g**4/24 - 17*g**3/6 + 86*g**2. Let x be 0/(2 - 4 - -1). Calculate w(x).
-17
Let l(s) be the second derivative of -s**5/20 - s**4/3 + s**3/3 + 3*s**2/2 - 695*s - 1. Suppose 5*x + 3*b + 11 = 0, 3*b = -2*x - 2 + 3. Calculate l(x).
-5
Let g(p) = 4*p + 7. Suppose l - 5*v = 0, 0*v + v - 45 = 2*l. Let j be 2/5 - (0 + 115/l). Give g(j).
27
Let y(f) = f + 5. Let n(v) = v**2 - 5*v - 12. Let q be n(6). Let b(o) = o + 5. Let z(d) = q*y(d) + 5*b(d). Give z(-5).
0
Let q(f) be the second derivative of f**5/24 + 7*f**3/6 - 32*f. Let w(j) be the second derivative of q(j). Determine w(5).
25
Let l(o) = -2*o + 5. Let y(b) = -b - 32. Let h(v) = 2*v + 48. Let w(t) = 5*h(t) + 8*y(t). Let c be w(8). Let g be 2/1 + (3 - c). Give l(g).
-5
Let u(f) = -f - 3. Let a be u(-5). Let b(l) = l**3 - 4*l**2 + 6*l**2 + 2*l**3 + a*l + 1. What is b(-1)?
-2
Let z(q) = -q + 2*q + 3*q + q**2 - 1. Let m(c) be the first derivative of -c**3/3 - c**2/2 - 4*c - 2. Let d be m(0). Give z(d).
-1
Let o(a) be the third derivative of a**6/120 - a**5/12 + 5*a**4/24 + a**2. Suppose 30405*f + 20 = 30410*f. Calculate o(f).
4
Let r(m) = -m**2 - 2*m + 5. Suppose 20 = 7*s - 3*s + 4*i, 0 = 4*s - i - 25. Give r(s).
-43
Let a(x) be the third derivative of -1/3*x**3 + 1/8*x**4 + 0*x + 20*x**2 + 0. Calculate a(2).
4
Let v = -74 - -74. Let u(p) = p + 8 - 14 + v. Calculate u(6).
0
Suppose -2*b + 51 = 3*o + 20, 0 = 3*o + b - 26. Let k(f) = -2*f - 3 + 3*f + f - 7. Let n be k(o). Let h(v) = -2*v + 3. Calculate h(n).
-5
Let p(j) = 0 + 1 + 53*j + 4*j**2 - 56*j + j**3. Let m(t) = t**2 + 4*t + 7. Let x be m(-5). Suppose 3*k = -2*f + 3*f - x, f = -3. Calculate p(k).
-9
Let h(t) = 47 - t + 50 + t**2 + 54 - 2*t - 154. Calculate h(4).
1
Let b(p) = p**3 + 6*p**2 + 7*p. Let s be 6*(2 + (-51)/18). Give b(s).
-10
Let p = 94 + -92. Let d(x) be the first derivative of -7 + 0*x**p + x - 8/3*x**3. Give d(1).
-7
Let i(a) = 3*a**3 + a**2 + a + 1. Let t be